{"id":6,"date":"2025-12-25T17:24:23","date_gmt":"2025-12-25T17:24:23","guid":{"rendered":"https:\/\/webhosting-4you.com\/?page_id=6"},"modified":"2025-12-26T20:56:02","modified_gmt":"2025-12-26T20:56:02","slug":"willkommen","status":"publish","type":"page","link":"https:\/\/webhosting-4you.com\/","title":{"rendered":"Willkommen"},"content":{"rendered":"<div class=\"\" style=\"\" >\n    \n    <section class=\"u-border-2 u-border-no-left u-border-no-right u-border-palette-2-base u-clearfix u-container-align-center u-image u-shading u-section-2\" id=\"block-1\" data-image-width=\"1280\" data-image-height=\"720\" style=\"background-image: linear-gradient(0deg, rgba(0, 0, 0, 0.2), rgba(0, 0, 0, 0.2)), url(&quot;https:\/\/webhosting-4you.com\/wp-content\/uploads\/2025\/12\/photo-1498084393753-b411b2d26b34.jpeg&quot;);\">\n      <div class=\"u-clearfix u-sheet u-sheet-1\">\n        <ul class=\"u-custom-list u-text u-text-default u-text-1\">\n          <li>\n            <div class=\"u-list-icon u-list-icon-1\">\n              <svg class=\"u-svg-content\" viewBox=\"0 0 480.026 480.026\" id=\"svg-4c70\"><g fill=\"currentColor\"><path d=\"m475.922 229.325-144-160c-3.072-3.392-7.36-5.312-11.904-5.312h-96c-6.304 0-12.032 3.712-14.624 9.472-2.56 5.792-1.504 12.544 2.72 17.216l134.368 149.312-134.368 149.28c-4.224 4.704-5.312 11.456-2.72 17.216 2.592 5.792 8.32 9.504 14.624 9.504h96c4.544 0 8.832-1.952 11.904-5.28l144-160c5.472-6.08 5.472-15.36 0-21.408z\"><\/path><path d=\"m267.922 229.325-144-160c-3.072-3.392-7.36-5.312-11.904-5.312h-96c-6.304 0-12.032 3.712-14.624 9.472-2.56 5.792-1.504 12.544 2.72 17.216l134.368 149.312-134.368 149.28c-4.224 4.704-5.312 11.456-2.72 17.216 2.592 5.792 8.32 9.504 14.624 9.504h96c4.544 0 8.832-1.952 11.904-5.28l144-160c5.472-6.08 5.472-15.36 0-21.408z\"><\/path>\n<\/g><\/svg>\n            <\/div><span style=\"font-weight: 700;\"><span style=\"font-size: 1.25rem;\"> Streamserver - Shoutcast 1 &amp; 2 - IceCast 2<\/span><\/span>\n          <\/li>\n          <li>\n            <div class=\"u-list-icon u-list-icon-2\">\n              <svg class=\"u-svg-content\" viewBox=\"0 0 480.026 480.026\" id=\"svg-4c70\"><g fill=\"currentColor\"><path d=\"m475.922 229.325-144-160c-3.072-3.392-7.36-5.312-11.904-5.312h-96c-6.304 0-12.032 3.712-14.624 9.472-2.56 5.792-1.504 12.544 2.72 17.216l134.368 149.312-134.368 149.28c-4.224 4.704-5.312 11.456-2.72 17.216 2.592 5.792 8.32 9.504 14.624 9.504h96c4.544 0 8.832-1.952 11.904-5.28l144-160c5.472-6.08 5.472-15.36 0-21.408z\"><\/path><path d=\"m267.922 229.325-144-160c-3.072-3.392-7.36-5.312-11.904-5.312h-96c-6.304 0-12.032 3.712-14.624 9.472-2.56 5.792-1.504 12.544 2.72 17.216l134.368 149.312-134.368 149.28c-4.224 4.704-5.312 11.456-2.72 17.216 2.592 5.792 8.32 9.504 14.624 9.504h96c4.544 0 8.832-1.952 11.904-5.28l144-160c5.472-6.08 5.472-15.36 0-21.408z\"><\/path>\n<\/g><\/svg>\n            <\/div><span style=\"font-weight: 700;\"><span style=\"font-size: 1.25rem;\"> Webhosting (KeyHelp) &amp; Domain<\/span><\/span>\n          <\/li>\n          <li>\n            <div class=\"u-list-icon u-list-icon-1\">\n              <svg class=\"u-svg-content\" viewBox=\"0 0 480.026 480.026\" id=\"svg-4c70\"><g fill=\"currentColor\"><path d=\"m475.922 229.325-144-160c-3.072-3.392-7.36-5.312-11.904-5.312h-96c-6.304 0-12.032 3.712-14.624 9.472-2.56 5.792-1.504 12.544 2.72 17.216l134.368 149.312-134.368 149.28c-4.224 4.704-5.312 11.456-2.72 17.216 2.592 5.792 8.32 9.504 14.624 9.504h96c4.544 0 8.832-1.952 11.904-5.28l144-160c5.472-6.08 5.472-15.36 0-21.408z\"><\/path><path d=\"m267.922 229.325-144-160c-3.072-3.392-7.36-5.312-11.904-5.312h-96c-6.304 0-12.032 3.712-14.624 9.472-2.56 5.792-1.504 12.544 2.72 17.216l134.368 149.312-134.368 149.28c-4.224 4.704-5.312 11.456-2.72 17.216 2.592 5.792 8.32 9.504 14.624 9.504h96c4.544 0 8.832-1.952 11.904-5.28l144-160c5.472-6.08 5.472-15.36 0-21.408z\"><\/path>\n<\/g><\/svg>\n            <\/div><span style=\"font-weight: 700; font-size: 1.25rem;\">Webradio-Seiten einrichten (Webmaster)<\/span>\n          <\/li>\n        <\/ul>\n      <\/div>\n    <\/section>\n    <section class=\"u-clearfix u-grey-80 u-section-3\" id=\"block-2\">\n      <div class=\"u-clearfix u-sheet u-sheet-1\">\n        <div class=\"u-clearfix u-custom-html u-expanded-width u-custom-html-1\">\n          <iframe loading=\"lazy\" src=\"https:\/\/webhosting-4you.com\/zkm\/preise.php\" width=\"100%\" height=\"525\" frameborder=\"0\">Browser not compatible.<\/iframe>\n        <\/div>\n      <\/div>\n    <\/section>\n    <section class=\"u-align-center u-clearfix u-container-align-center u-container-align-center-xs u-grey-80 u-section-4\" src=\"\" id=\"sec-dc33\">\n      <div class=\"custom-expanded u-border-2 u-border-no-left u-border-no-right u-border-palette-2-base u-container-style u-expanded-width-xl u-gradient u-group u-image u-image-1\" data-image-width=\"1280\" data-image-height=\"448\" data-animation-name=\"flipIn\" data-animation-duration=\"1500\" data-animation-delay=\"0\" data-animation-direction=\"X\" style=\"background-image: url(&quot;https:\/\/webhosting-4you.com\/wp-content\/uploads\/2025\/12\/ba6d9bdf7593f171ab9c784b11d3dd3109277250148ac4495128d40592a71a4c31067c3c12e1e8046c1ecdf0e65708bd737b92ea3a1e559044eb37_1280.jpg&quot;), linear-gradient(rgba(0, 0, 0, 0.5), rgba(0, 0, 0, 0.5)), linear-gradient(rgba(51, 51, 51, 0.5), rgba(51, 51, 51, 0.5)), linear-gradient(0deg, rgba(0, 0, 0, 0.3), rgba(0, 0, 0, 0.3));\">\n        <div class=\"u-container-layout u-valign-top u-container-layout-1\">\n          <h2 class=\"u-align-center u-text u-text-body-alt-color u-text-default u-text-1\"> Deine Vorteile bei uns <\/h2>\n        <\/div>\n      <\/div>\n      <div class=\"custom-expanded u-accordion u-faq u-spacing-10 u-accordion-1\" role=\"tablist\">\n        <div class=\"u-accordion-item\">\n          <a class=\"active u-accordion-link u-active-grey-60 u-btn-round u-button-style u-grey-70 u-hover-grey-60 u-radius u-accordion-link-1\" id=\"link-accordion-f600\" aria-controls=\"accordion-f600\" aria-selected=\"true\" role=\"tab\"><span class=\"u-accordion-link-text\"> Hosting-Umzug ?<\/span><span class=\"u-accordion-link-icon u-icon u-icon-circle u-radius-50 u-text-white u-icon-1\"><svg class=\"u-svg-link\" preserveAspectRatio=\"xMidYMin slice\" viewBox=\"0 0 42 42\" style=\"\"><use xmlns:xlink=\"http:\/\/www.w3.org\/1999\/xlink\" xlink:href=\"#svg-977a\"><\/use><\/svg><svg xmlns=\"http:\/\/www.w3.org\/2000\/svg\" xmlns:xlink=\"http:\/\/www.w3.org\/1999\/xlink\" version=\"1.1\" xml:space=\"preserve\" class=\"u-svg-content\" viewBox=\"0 0 42 42\" x=\"0px\" y=\"0px\" id=\"svg-977a\" style=\"enable-background:new 0 0 42 42;\"><polygon points=\"42,20 22,20 22,0 20,0 20,20 0,20 0,22 20,22 20,42 22,42 22,22 42,22 \"><\/polygon><\/svg><\/span>\n          <\/a>\n          <div class=\"u-accordion-active u-accordion-pane u-container-style u-shape-rectangle u-accordion-pane-1\" id=\"accordion-f600\" aria-labelledby=\"link-accordion-f600\" role=\"tabpanel\">\n            <div class=\"u-container-layout u-container-layout-2\">\n              <div class=\"fr-view u-clearfix u-rich-text u-text\">\n                <p>Wir wissen, wie aufwendig ein Umzug sein kann \u2013 insbesondere, wenn es um digitale Ressourcen geht. Deshalb bieten wir Ihnen einen einfachen und stressfreien Service, der den Umzug Ihrer Domains und Daten so unkompliziert wie m\u00f6glich gestaltet. <\/p>\n              <\/div>\n            <\/div>\n          <\/div>\n        <\/div>\n        <div class=\"u-accordion-item\">\n          <a class=\"u-accordion-link u-active-grey-60 u-btn-round u-button-style u-grey-70 u-hover-grey-60 u-radius u-accordion-link-2\" id=\"link-accordion-72f4\" aria-controls=\"accordion-72f4\" aria-selected=\"false\" role=\"tab\"><span class=\"u-accordion-link-text\"> Zertifiziertes Rechenzentrum ?<\/span><span class=\"u-accordion-link-icon u-icon u-icon-circle u-radius-50 u-text-white u-icon-2\"><svg class=\"u-svg-link\" preserveAspectRatio=\"xMidYMin slice\" viewBox=\"0 0 42 42\" style=\"\"><use xmlns:xlink=\"http:\/\/www.w3.org\/1999\/xlink\" xlink:href=\"#svg-e1b5\"><\/use><\/svg><svg xmlns=\"http:\/\/www.w3.org\/2000\/svg\" xmlns:xlink=\"http:\/\/www.w3.org\/1999\/xlink\" version=\"1.1\" xml:space=\"preserve\" class=\"u-svg-content\" viewBox=\"0 0 42 42\" x=\"0px\" y=\"0px\" id=\"svg-e1b5\" style=\"enable-background:new 0 0 42 42;\"><polygon points=\"42,20 22,20 22,0 20,0 20,20 0,20 0,22 20,22 20,42 22,42 22,22 42,22 \"><\/polygon><\/svg><\/span>\n          <\/a>\n          <div class=\"u-accordion-pane u-container-style u-shape-rectangle u-accordion-pane-2\" id=\"accordion-72f4\" aria-labelledby=\"link-accordion-72f4\" role=\"tabpanel\">\n            <div class=\"u-container-layout u-container-layout-3\">\n              <div class=\"fr-view u-clearfix u-rich-text u-text\">\n                <p>Unsere Systeme werden ausschlie\u00dflich in Deutschland betrieben, weshalb deutsches Recht gilt. Neben der T\u00dcV-Zertifizierung sprechen auch verschiedene Redundanzen und insbesondere die Fachkompetenz f\u00fcr: Hosted in Germany.\u201c Die Korrekturen betreffen haupts\u00e4chlich die Satzstruktur, um die Lesbarkeit zu verbessern. Wenn du noch eine spezifische Stelle hast, bei der du dir unsicher bist, lass es mich wissen! <\/p>\n              <\/div>\n            <\/div>\n          <\/div>\n        <\/div>\n        <div class=\"u-accordion-item u-accordion-item-3\">\n          <a class=\"u-accordion-link u-active-grey-60 u-btn-round u-button-style u-grey-70 u-hover-grey-60 u-radius u-accordion-link-3\" id=\"link-accordion-854e\" aria-controls=\"accordion-854e\" aria-selected=\"false\" role=\"tab\"><span class=\"u-accordion-link-text\"> Zahlungs\u00admethoden ?<\/span><span class=\"u-accordion-link-icon u-icon u-icon-circle u-radius-50 u-text-white u-icon-3\"><svg class=\"u-svg-link\" preserveAspectRatio=\"xMidYMin slice\" viewBox=\"0 0 42 42\" style=\"\"><use xmlns:xlink=\"http:\/\/www.w3.org\/1999\/xlink\" xlink:href=\"#svg-91c8\"><\/use><\/svg><svg xmlns=\"http:\/\/www.w3.org\/2000\/svg\" xmlns:xlink=\"http:\/\/www.w3.org\/1999\/xlink\" version=\"1.1\" xml:space=\"preserve\" class=\"u-svg-content\" viewBox=\"0 0 42 42\" x=\"0px\" y=\"0px\" id=\"svg-91c8\" style=\"enable-background:new 0 0 42 42;\"><polygon points=\"42,20 22,20 22,0 20,0 20,20 0,20 0,22 20,22 20,42 22,42 22,22 42,22 \"><\/polygon><\/svg><\/span>\n          <\/a>\n          <div class=\"u-accordion-pane u-container-style u-shape-rectangle u-accordion-pane-3\" id=\"accordion-854e\" aria-labelledby=\"link-accordion-854e\" role=\"tabpanel\">\n            <div class=\"u-container-layout u-container-layout-4\">\n              <div class=\"fr-view u-clearfix u-rich-text u-text\">\n                <p>Mit PayPal, PaySafeCard, Sofort\u00fcberweisung, Lastschrift, Vorkasse und Barzahlen hast du eine breite Auswahl an sicheren Zahlungsmethoden. W\u00e4hle die f\u00fcr dich passende Zahlungsoption und genie\u00dfe eine schnelle und unkomplizierte Abwicklung deiner Bestellung. <\/p>\n              <\/div>\n            <\/div>\n          <\/div>\n        <\/div>\n        <div class=\"u-accordion-item u-accordion-item-4\">\n          <a class=\"u-accordion-link u-active-grey-60 u-btn-round u-button-style u-grey-70 u-hover-grey-60 u-radius u-accordion-link-4\" id=\"link-accordion-72f4\" aria-controls=\"accordion-72f4\" aria-selected=\"false\" role=\"tab\">\n            <lt-highlighter style=\"display: none;\" class=\"lt-highlighter--grid-item\">\n              <lt-div spellcheck=\"false\" class=\"lt-highlighter__wrapper\" style=\"width: 198px; height: 29px; transform: none !important; transform-origin: 98.8833px 14.4px 0px !important; zoom: 1 !important; margin-top: 291px; margin-left: 30px;\">\n                <lt-div class=\"lt-highlighter__scroll-element\" style=\"top: 0px; left: 0px; width: 198px; height: 29px;\">\n                  <canvas class=\"lt-highlighter__canvas\" width=\"86\" height=\"25\" style=\"display: none; top: 2px; left: 112px;\"><\/canvas>\n                <\/lt-div>\n              <\/lt-div>\n            <\/lt-highlighter><span class=\"u-accordion-link-text\"> Technischer Support ?<\/span><span class=\"u-accordion-link-icon u-icon u-icon-circle u-radius-50 u-text-white u-icon-4\"><svg class=\"u-svg-link\" preserveAspectRatio=\"xMidYMin slice\" viewBox=\"0 0 42 42\" style=\"\"><use xmlns:xlink=\"http:\/\/www.w3.org\/1999\/xlink\" xlink:href=\"#svg-80c8\"><\/use><\/svg><svg xmlns=\"http:\/\/www.w3.org\/2000\/svg\" xmlns:xlink=\"http:\/\/www.w3.org\/1999\/xlink\" version=\"1.1\" xml:space=\"preserve\" class=\"u-svg-content\" viewBox=\"0 0 42 42\" x=\"0px\" y=\"0px\" id=\"svg-80c8\" style=\"enable-background:new 0 0 42 42;\"><polygon points=\"42,20 22,20 22,0 20,0 20,20 0,20 0,22 20,22 20,42 22,42 22,22 42,22 \"><\/polygon><\/svg><\/span>\n          <\/a>\n          <div class=\"u-accordion-pane u-container-style u-shape-rectangle u-accordion-pane-4\" id=\"accordion-72f4\" aria-labelledby=\"link-accordion-72f4\" role=\"tabpanel\">\n            <div class=\"u-container-layout u-container-layout-5\">\n              <div class=\"fr-view u-clearfix u-rich-text u-text\">\n                <p>Bei uns steht Kundenzufriedenheit an erster Stelle. Daher erreichst du uns 365 Tage im Jahr \u2013 an jedem Tag, zu jeder Zeit. Unser Team ist stets darum bem\u00fcht, deine Anliegen schnell und professionell zu l\u00f6sen, damit du jederzeit auf uns z\u00e4hlen kannst. Deine Zufriedenheit ist unser oberstes Ziel! <\/p>\n              <\/div>\n            <\/div>\n          <\/div>\n        <\/div>\n        <div class=\"u-accordion-item\">\n          <a class=\"u-accordion-link u-active-grey-60 u-btn-round u-button-style u-grey-70 u-hover-grey-60 u-radius u-accordion-link-5\" id=\"link-accordion-72f4\" aria-controls=\"accordion-72f4\" aria-selected=\"false\" role=\"tab\"><span class=\"u-accordion-link-text\"> Bieten Sie einen Webmaster-Service an?<\/span><span class=\"u-accordion-link-icon u-icon u-icon-circle u-radius-50 u-text-white u-icon-5\"><svg class=\"u-svg-link\" preserveAspectRatio=\"xMidYMin slice\" viewBox=\"0 0 42 42\" style=\"\"><use xmlns:xlink=\"http:\/\/www.w3.org\/1999\/xlink\" xlink:href=\"#svg-ed09\"><\/use><\/svg><svg xmlns=\"http:\/\/www.w3.org\/2000\/svg\" xmlns:xlink=\"http:\/\/www.w3.org\/1999\/xlink\" version=\"1.1\" xml:space=\"preserve\" class=\"u-svg-content\" viewBox=\"0 0 42 42\" x=\"0px\" y=\"0px\" id=\"svg-ed09\" style=\"enable-background:new 0 0 42 42;\"><polygon points=\"42,20 22,20 22,0 20,0 20,20 0,20 0,22 20,22 20,42 22,42 22,22 42,22 \"><\/polygon><\/svg><\/span>\n          <\/a>\n          <div class=\"u-accordion-pane u-container-style u-shape-rectangle u-accordion-pane-5\" id=\"accordion-72f4\" aria-labelledby=\"link-accordion-72f4\" role=\"tabpanel\">\n            <div class=\"u-container-layout u-container-layout-6\">\n              <div class=\"fr-view u-clearfix u-rich-text u-text\">\n                <p>Ja, wir bieten einen umfassenden Webmaster-Service an, spezialisiert auf PHP-Fusion und Web-PHP. Unser Service umfasst die Installation, Konfiguration und Anpassung von PHP-Fusion, sowie die Entwicklung und Optimierung von Web-Anwendungen in PHP. Wir k\u00fcmmern uns um die Wartung, Sicherheitsupdates und sorgen daf\u00fcr, dass Ihre Website effizient l\u00e4uft und alle Funktionen reibungslos arbeiten. <\/p>\n              <\/div>\n            <\/div>\n          <\/div>\n        <\/div>\n      <\/div>\n    <\/section>\n    <section class=\"u-clearfix u-container-align-center u-shading u-section-5\" id=\"block-3\" data-image-width=\"1280\" data-image-height=\"960\">\n      <div class=\"u-clearfix u-sheet u-valign-middle-lg u-valign-middle-md u-valign-middle-sm u-valign-middle-xs u-sheet-1\">\n        <div class=\"u-align-left u-border-3 u-border-color-2-base u-expanded-width u-left-0 u-shape u-shape-1\"><\/div>\n        <div class=\"data-layout-selected u-clearfix u-gutter-0 u-layout-wrap u-layout-wrap-1\">\n          <div class=\"u-layout\">\n            <div class=\"u-layout-row\">\n              <div class=\"u-align-center-sm u-align-center-xs u-align-left-lg u-align-left-md u-align-left-xl u-container-style u-layout-cell u-left-cell u-size-43 u-layout-cell-1\">\n                <div class=\"u-container-layout u-valign-middle-lg u-valign-middle-md u-valign-middle-sm u-valign-middle-xs u-container-layout-1\">\n                  <h3 class=\"u-text u-text-default u-text-1\"> Du hast noch Fragen?<\/h3>\n                  <p class=\"u-text u-text-2\"> Wir stehen dir jederzeit zur Verf\u00fcgung, um all deine Fragen rund um unsere Produkte zu beantworten. Z\u00f6gere nicht, uns zu kontaktieren, egal ob du Hilfe bei der Auswahl ben\u00f6tigst oder weitere Informationen zu einem bestimmten Produkt w\u00fcnschst \u2013 wir sind immer f\u00fcr dich da!<\/p>\n                <\/div>\n              <\/div>\n              <div class=\"u-align-left u-container-align-center u-container-align-left u-container-style u-layout-cell u-right-cell u-size-17 u-layout-cell-2\">\n                <div class=\"u-container-layout u-valign-middle u-container-layout-2\">\n                  <a href=\"#\" class=\"u-align-center u-black u-btn u-button-style u-btn-1\">Kontakt<\/a>\n                <\/div>\n              <\/div>\n            <\/div>\n          <\/div>\n        <\/div>\n      <\/div>\n    <\/section>\n    \n    \n    \n    \n  \n<\/div>","protected":false},"excerpt":{"rendered":"<p>Streamserver &#8211; Shoutcast 1 &amp; 2 &#8211; IceCast 2 Webhosting (KeyHelp) &amp; Domain Webradio-Seiten einrichten (Webmaster) Browser not compatible. Deine Vorteile bei uns Hosting-Umzug ? Wir wissen, wie aufwendig ein Umzug sein kann \u2013 insbesondere, wenn es um digitale Ressourcen geht. Deshalb bieten wir Ihnen einen einfachen und stressfreien Service, der den Umzug Ihrer Domains [&hellip;]<\/p>\n","protected":false},"author":1,"featured_media":0,"parent":0,"menu_order":0,"comment_status":"closed","ping_status":"closed","template":"","meta":{"footnotes":""},"class_list":["post-6","page","type-page","status-publish","hentry"],"_links":{"self":[{"href":"https:\/\/webhosting-4you.com\/index.php?rest_route=\/wp\/v2\/pages\/6","targetHints":{"allow":["GET"]}}],"collection":[{"href":"https:\/\/webhosting-4you.com\/index.php?rest_route=\/wp\/v2\/pages"}],"about":[{"href":"https:\/\/webhosting-4you.com\/index.php?rest_route=\/wp\/v2\/types\/page"}],"author":[{"embeddable":true,"href":"https:\/\/webhosting-4you.com\/index.php?rest_route=\/wp\/v2\/users\/1"}],"replies":[{"embeddable":true,"href":"https:\/\/webhosting-4you.com\/index.php?rest_route=%2Fwp%2Fv2%2Fcomments&post=6"}],"version-history":[{"count":31,"href":"https:\/\/webhosting-4you.com\/index.php?rest_route=\/wp\/v2\/pages\/6\/revisions"}],"predecessor-version":[{"id":64,"href":"https:\/\/webhosting-4you.com\/index.php?rest_route=\/wp\/v2\/pages\/6\/revisions\/64"}],"wp:attachment":[{"href":"https:\/\/webhosting-4you.com\/index.php?rest_route=%2Fwp%2Fv2%2Fmedia&parent=6"}],"curies":[{"name":"wp","href":"https:\/\/api.w.org\/{rel}","templated":true}]}}